mmon divisor of 10 and c?
2
Let k = -25 + 52. Calculate the greatest common factor of k and 27.
27
Let c(f) = f**3 + 3*f - f + 5*f**2 - 3 + 1. Let j be c(-3). Let n be 1 - (1 - 1 - 29). Calculate the highest common divisor of j and n.
10
Let p(a) = 4*a**2 + a - 1. Let b be p(-2). Let y = -9 + b. Let g be 6/21 - 500/(-14). What is the highest common divisor of g and y?
4
Let x = 20 - -8. Calculate the highest common divisor of x and 42.
14
Suppose 20 = c - 2*q, -2*c - 2*q + 6 + 16 = 0. What is the highest common divisor of 14 and c?
14
Suppose 5*a + 50 = 5*d, -3*a + 11 = 3*d - 1. What is the highest common factor of d and 119?
7
Let f be 25/1*(-12)/(-30). What is the greatest common divisor of 5 and f?
5
Let j(p) = -p**3 + 10*p**2 - 3*p + 4. Let s be j(7). Calculate the greatest common factor of s and 10.
10
Let z(n) = 57*n**2 - 2*n + 3. Let y be z(1). Calculate the greatest common divisor of y and 29.
29
Suppose -4*v + 32 = 12. Let w be (-5 + 3)*1 - -3. Calculate the highest common factor of w and v.
1
Let t = -105 + 203. Calculate the greatest common factor of t and 14.
14
Let x = 22 + -32. Let o be x/(-4) - (-5)/10. Suppose 3*s = 3*i - 31 + 181, -o*s + 144 = 3*i. Calculate the highest common divisor of 7 and s.
7
Suppose -48 = 14*p - 16*p. What is the highest common factor of 12 and p?
12
Let s = 35 + -17. Let d = 17 + s. Suppose 2*h + 2 = -0*h - 4*q, 0 = -4*h + 5*q + d. Calculate the highest common divisor of 1 and h.
1
Let t(m) be the first derivative of -m**3/3 - 4*m**2 + 5*m + 2. Let p be t(-7). What is the highest common factor of p and 132?
12
Suppose -v - l - 10 = 0, -4*l = -0*l - 20. Let w be (4/6)/((-2)/v). What is the greatest common factor of 2 and w?
1
Let y = 3 - 2. Let h be (-23)/(-4) + y/4. What is the greatest common divisor of 24 and h?
6
Let g(m) = -m**3 - 6*m**2 - 8*m - 9. Let v be g(-6). What is the greatest common divisor of v and 78?
39
Let d = -29 + 91. Suppose 0 = b - o - d, -b + 0*o + 87 = 4*o. Suppose -3*p = 3*z - 47 - 94, p + 5*z = b. Calculate the greatest common divisor of 6 and p.
6
Let v be ((-24)/(-3))/(-1) + 2. Let f = 11 + v. Suppose -f*r + 2*b + 43 = 0, 3*r + 4*b - 6*b = 25. Calculate the greatest common factor of r and 36.
9
Let l(d) = -2 - 1 + 4 + 11*d. Let x be l(1). Suppose 2*j = 23 + 25. Calculate the greatest common factor of j and x.
12
Let o(f) = -f + 5. Let g be o(0). Let l = -1 + g. Let n(q) = -q**3 + 24. Let h be n(0). What is the highest common factor of l and h?
4
Suppose -16*r = -12*r. Suppose 4*j - 5*k = 58, 2*j + k - 5 - 17 = r. What is the highest common factor of 60 and j?
12
Suppose 3*o - 13 - 4 = -k, k + o = 13. What is the greatest common factor of 77 and k?
11
Let k = -43 + 73. Suppose -2*i - 3*i - k = -c, 5 = -4*c - 5*i. Suppose -f - 38 = -2*u, -2*u + c*f = u - 57. What is the greatest common factor of u and 57?
19
Let k = 63 - 23. Suppose 0 = -4*z - z + 25. What is the highest common divisor of z and k?
5
Let z = 29 + -21. Let u(d) = 57*d**2 - 1. Let j be u(-1). Calculate the highest common factor of z and j.
8
Let q(i) = i**2 - i + 3. Let o(s) = s**2 - 2*s + 4. Let m(u) = -4*o(u) + 5*q(u). Let d = 8 - 6. Let h be m(d). What is the greatest common factor of h and 45?
9
Suppose 2*h + 310 + 362 = 5*t, 124 = t - 3*h. What is the greatest common divisor of t and 34?
34
Let q(w) = 7*w - 1. Let i be 2*((-10)/(-4) + -2). Let l be q(i). Suppose 5*r + 3*p - 135 = 0, -2*p - 9 = 1. What is the highest common factor of l and r?
6
Let w(c) = 2*c**2 + c + 2. Let i be w(2). Let t be (168/98)/((-4)/(-14)). What is the highest common factor of i and t?
6
Let t = -11 + 18. Let x = 241 - 213. What is the greatest common divisor of t and x?
7
Let g = 39 - 6. Let u = 124 - g. Let k(y) = 12*y**2 + 1. Let h be k(1). What is the highest common factor of u and h?
13
Let y be (-12)/(-6) + (61 - 0). Let x = y - 36. Let f be 2/6*(-18)/(-2). Calculate the highest common factor of f and x.
3
Let u be 4 - 1 - 0/1. Suppose 0 = u*o - o + 3*c - 2, 5*c - 6 = -4*o. What is the greatest common divisor of o and 1?
1
Suppose -k + 150 = 5*c + k, -79 = -3*c + k. What is the greatest common factor of 4 and c?
4
Suppose -3*d + 0 = -9, -4*t = 3*d - 93. Suppose 3*o - 21 = -4*v, -3*o + 4*v + 21 = -v. Calculate the highest common factor of t and o.
7
Let z be ((-12)/(-20) - -1)*5. Suppose -r - 4 = -k + r, 5*k - 3*r = 41. Suppose 3*d - 14 = k. What is the highest common divisor of z and d?
8
Let d(j) = -j**2 - j + 313. Let u be d(0). Suppose 0 = -3*k + 913 - u. What is the highest common divisor of k and 20?
20
Let o be (-2)/(2/4 + -1). Let r = -4 - o. Let d = -4 - r. Calculate the highest common divisor of 32 and d.
4
Let k(p) be the second derivative of p**5/20 - p**4/2 - 5*p**3/6 + 3*p**2 + 3*p. Let v be k(7). What is the highest common factor of v and 8?
4
Suppose -2*a + a + 4*h = 10, 5*a = 4*h - 18. Let s be (a - 0)/(14/(-140)). Calculate the greatest common divisor of s and 10.
10
Let t = 26 + -25. What is the greatest common divisor of t and 2?
1
Suppose l - g - 22 + 5 = 0, -4*l = 4*g - 92. Let y be 4/(-6) + 1324/6. What is the greatest common factor of l and y?
20
Let f(q) = 3*q - 4. Let h(b) = b - 1. Let u(c) = -f(c) + 5*h(c). Let i be u(3). What is the greatest common divisor of 25 and i?
5
Let y(s) = s**3 - 2*s**2 - 4*s - 4. Let h be y(4). What is the highest common factor of h and 60?
12
Suppose 66*i = 71*i - 550. What is the greatest common divisor of 22 and i?
22
Let h(p) = -p**3 + 5*p**2 + 7*p - 2. Let j be h(6). Suppose -5*n - 4*u = -222, 0*n + j*u + 30 = n. What is the greatest common factor of n and 28?
14
Let w be (-2 + 35)*(-40)/(-12). What is the greatest common factor of w and 10?
10
Let x be (-5 - -11) + (-4)/(-2). Suppose -o - 4*b = 0, -o + 8 = -0*b - 4*b. What is the highest common factor of x and o?
4
Let w be ((-8)/(-16))/((-1)/(-2)). Calculate the highest common factor of w and 1.
1
Let l = -35 - -65. Suppose -4*b - l - 184 = -2*v, -3*v + 2*b = -301. Suppose -2*z = -13 - v. Calculate the greatest common divisor of 22 and z.
11
Let d(n) = n**3 + 12*n**2 + 11*n - 13. Let i be d(-11). Let j = 31 + i. Let m be (-1 - -2)/(3/135). Calculate the highest common factor of m and j.
9
Let s be (5 - 4)/(184/182 - 1). Calculate the greatest common divisor of 7 and s.
7
Let o(m) = m**2 + 3*m + 2. Let c be o(3). What is the highest common factor of 10 and c?
10
Let k be ((-1)/3)/(1/(-21)). Let f = 1 + -6. Let i = f + 19. Calculate the highest common factor of i and k.
7
Let q(v) = -v + 9. Let h be q(6). Let s = h - 6. Let p(m) = -m**2 - 5*m - 4. Let n be p(s). Calculate the highest common divisor of n and 3.
1
Let j = -17 - -24. What is the highest common factor of j and 21?
7
Suppose -151 = -5*a + 274. Let j = -63 + 97. Calculate the greatest common divisor of a and j.
17
Let z(m) = -m**2 - 12*m + 5. Let k be z(-7). Suppose 8*a - 40 = 3*a. What is the highest common divisor of k and a?
8
Suppose -5*s = -6*s + 30. Calculate the highest common factor of s and 270.
30
Let m = -9 + 1. Let u = 20 + m. What is the greatest common divisor of u and 108?
12
Suppose -4*z = -5*z + 3*o + 98, 0 = z - o - 92. Let a = 159 - z. What is the highest common factor of 10 and a?
10
Suppose 4*q - 2*p = 96, 5*p = -0*q - q + 24. Calculate the highest common divisor of q and 8.
8
Let a = -39 + 51. Calculate the highest common divisor of 24 and a.
12
Let r = 91 + -42. Suppose w = 4*w + 9, -3*w = 3*y - 18. Let u = y + -2. What is the highest common factor of r and u?
7
Suppose 3*z - 2*d + 17 = -37, 3*d = 3*z + 54. Let p = 50 + z. What is the highest common divisor of p and 8?
8
Let r = 9 - 3. Let j be (-7)/((-15)/r + 2). Calculate the greatest common divisor of j and 42.
14
Let f be 56 - -1 - (-1)/(-1). Let o be (3 - 4)*(1 - 8). What is the highest common factor of o and f?
7
Let t(g) = 4*g - 26. Let v be t(8). What is the greatest common factor of 30 and v?
6
Suppose -4*w + 29 = 5*f, w + 0*w + 2*f = 8. Let a be (w/4)/((-3)/(-40)). Let p be 2/(-8) + 63/12. What is the greatest common factor of p and a?
5
Let r(m) = 63*m**2 - 6*m - 11. Let c be r(-2). Calculate the highest common divisor of 23 and c.
23
Suppose -2*f = -5*t - 50, 5*t - 5 + 20 = -5*f. Let r = -4 - t. Let g = 6 - r. What is the greatest common factor of 8 and g?
2
Suppose 2*m